f 48?
True
Is 2316 a multiple of 25?
False
Does 19 divide 2998?
False
Does 3 divide 299?
False
Is 12 a factor of 2076?
True
Does 372 divide 26198?
False
Is 1645 a multiple of 35?
True
Is 100560 a multiple of 12?
True
Is 2250 a multiple of 13?
False
Is 11 a factor of 160?
False
Does 8 divide 144?
True
Is 720 a multiple of 18?
True
Is 26050 a multiple of 25?
True
Does 22 divide 32147?
False
Is 212 a factor of 82044?
True
Is 15 a factor of 315?
True
Is 11 a factor of 20009?
True
Is 1868 a multiple of 18?
False
Does 14 divide 3962?
True
Is 6 a factor of 108?
True
Is 176 a multiple of 22?
True
Does 46 divide 9016?
True
Is 96 a factor of 3154?
False
Does 32 divide 44416?
True
Is 19 a factor of 2850?
True
Is 15 a factor of 8370?
True
Does 12 divide 2580?
True
Does 8 divide 4881?
False
Is 7 a factor of 973?
True
Is 26 a factor of 1129?
False
Is 936 a multiple of 104?
True
Does 54 divide 4638?
False
Is 528 a multiple of 3?
True
Is 153 a factor of 27693?
True
Is 246 even?
True
Is 448 a multiple of 8?
True
Is 22 a factor of 792?
True
Does 19 divide 1004?
False
Does 16 divide 2466?
False
Is 68 a factor of 884?
True
Is 658 a multiple of 17?
False
Is 78 a factor of 4801?
False
Is 52 a factor of 104?
True
Is 5 a factor of 5580?
True
Is 31752 a multiple of 162?
True
Does 6 divide 108?
True
Does 39 divide 663?
True
Does 14 divide 20258?
True
Is 34310 a multiple of 146?
True
Is 12 a factor of 4332?
True
Is 13 a factor of 227?
False
Does 16 divide 585?
False
Is 39 a factor of 1404?
True
Is 2002 a multiple of 76?
False
Does 13 divide 16094?
True
Does 20 divide 560?
True
Is 17 a factor of 41548?
True
Is 48 a factor of 8016?
True
Is 9 even?
False
Does 11 divide 1394?
False
Is 7199 a multiple of 33?
False
Does 13 divide 195?
True
Is 24 a factor of 144?
True
Is 37 a factor of 4220?
False
Is 7298 a multiple of 107?
False
Is 10978 a multiple of 3?
False
Does 213 divide 21300?
True
Is 1891 even?
False
Does 24 divide 4632?
True
Is 4 a factor of 28192?
True
Is 38 a factor of 43306?
False
Is 32 a factor of 16539?
False
Is 711 a multiple of 7?
False
Does 13 divide 316?
False
Is 528 a multiple of 16?
True
Is 7663 a multiple of 143?
False
Is 3814 a multiple of 53?
False
Is 896 a multiple of 112?
True
Does 9 divide 432?
True
Is 31 a factor of 102?
False
Is 500 a multiple of 3?
False
Is 36 a factor of 7992?
True
Is 5341 a multiple of 49?
True
Is 99 a factor of 47520?
True
Does 6 divide 895?
False
Is 17 a factor of 170?
True
Is 4185 a multiple of 76?
False
Does 13 divide 5603?
True
Is 302 a multiple of 6?
False
Does 93 divide 67173?
False
Is 69 a factor of 2265?
False
Does 7 divide 224?
True
Is 14 a factor of 2203?
False
Is 17 a factor of 7559?
False
Is 13 a factor of 28706?
False
Is 666 a multiple of 74?
True
Is 37 a factor of 1480?
True
Is 42 a multiple of 6?
True
Is 12 a factor of 576?
True
Is 2912 a multiple of 91?
True
Is 25854 a multiple of 93?
True
Is 67667 a multiple of 111?
False
Is 3 a factor of 95?
False
Is 1152 a multiple of 3?
True
Does 174 divide 54636?
True
Is 293 a factor of 8515?
False
Is 4 a factor of 2392?
True
Is 61945 a multiple of 13?
True
Does 22 divide 2485?
False
Is 18063 a multiple of 78?
False
Is 24 a factor of 402?
False
Is 2120 a multiple of 53?
True
Is 1431 a multiple of 53?
True
Is 11050 a multiple of 14?
False
Is 12 a factor of 10788?
True
Does 26 divide 426?
False
Is 15401 a multiple of 14?
False
Does 89 divide 4119?
False
Does 30 divide 689?
False
Is 14 a factor of 1162?
True
Does 9 divide 10793?
False
Does 70 divide 76059?
False
Is 693 a multiple of 3?
True
Does 8 divide 2867?
False
Is 109 a factor of 18263?
False
Is 331 a multiple of 15?
False
Is 497 a multiple of 71?
True
Does 60 divide 2539?
False
Is 164 a factor of 68388?
True
Is 18 a factor of 5503?
False
Is 30 a factor of 10530?
True
Does 8 divide 1440?
True
Is 12 a factor of 1992?
True
Does 5 divide 15?
True
Is 53 a factor of 61798?
True
Does 8 divide 439?
False
Is 1597 a multiple of 11?
False
Is 258 a factor of 23736?
True
Is 531 a multiple of 3?
True
Is 12 a factor of 247?
False
Is 9 a factor of 206?
False
Is 19 a factor of 1311?
True
Does 57 divide 34086?
True
Does 137 divide 20139?
True
Does 16 divide 240?
True
Is 251 even?
False
Is 2557 a multiple of 22?
False
Does 12 divide 719?
False
Is 14 a factor of 5446?
True
Is 21 a factor of 1617?
True
Is 23 a factor of 10727?
False
Is 39 a factor of 2808?
True
Is 63921 a multiple of 147?
False
Is 253 a factor of 58229?
False
Does 16 divide 14215?
False
Does 42 divide 1695?
False
Is 294 a multiple of 6?
True
Is 226 a multiple of 10?
False
Is 697 a multiple of 41?
True
Is 54 a factor of 893?
False
Is 10959 a multiple of 114?
False
Is 11 a factor of 1923?
False
Does 111 divide 26862?
True
Is 40362 a multiple of 85?
False
Does 110 divide 2750?
True
Does 18 divide 1890?
True
Is 3 a factor of 759?
True
Is 7182 a multiple of 19?
True
Is 26 a factor of 104?
True
Is 30 a factor of 52972?
False
Is 2037 a multiple of 11?
False
Is 8 a factor of 2035?
False
Is 1023 a multiple of 16?
False
Is 704 a multiple of 13?
False
Does 23 divide 6877?
True
Does 13 divide 8554?
True
Is 60 a factor of 1796?
False
Is 2447 a multiple of 14?
False
Does 235 divide 37334?
False
Is 1102 a multiple of 29?
True
Is 18133 a multiple of 17?
False
Is 152 a factor of 22496?
True
Does 40 divide 10110?
False
Is 17 a factor of 1241?
True
Is 19 a factor of 6614?
False
Is 2550 a multiple of 15?
True
Is 37 a factor of 1295?
True
Is 19 a factor of 1018?
False
Does 9 divide 256?
False
Is 568 a multiple of 10?
False
Does 121 divide 29161?
True
Does 43 divide 1004?
False
Is 3835 a multiple of 65?
True
Is 106 a multiple of 16?
False
Does 40 divide 10400?
True
Is 1112 a multiple of 4?
True
Is 15020 a multiple of 505?
False
Is 720 a multiple of 36?
True
Does 31 divide 2221?
False
Is 2 a factor of 3335?
False
Does 8 divide 329?
False
Is 30 a factor of 65?
False
Does 8 divide 296?
True
Is 58 a factor of 3314?
False
Is 233 a factor of 23067?
True
Does 11 divide 363?
True
Is 5 a factor of 1965?
True
Is 3 a factor of 8433?
True
Is 10 a factor of 1857?
False
Is 33 a factor of 44170?
False
Is 64 a factor of 960?
True
Does 46 divide 13979?
False
Is 86360 a multiple of 8?
True
Does 89 divide 178?
True
Does 30 divide 9771?
False
Does 2 divide 109?
False
Does 8 divide 293?
False
Is 45 a factor of 855?
True
Is 32 a factor of 7360?
True
Is 603 a multiple of 10?
False
Is 9 a factor of 1136?
False
Is 166 a factor of 22615?
False
Does 16 divide 1923?
False
Is 59004 a multiple of 33?
True
Does 23 divide 8514?
False
Is 14625 a multiple of 75?
True
Is 98896 a multiple of 8?
True
Is 36 a factor of 477?
False
Is 7 a factor of 202?
False
Is 17760 a multiple of 96?
True
Does 3 divide 1020?
True
Is 1928 a multiple of 9?
False
Does 35 divide 6934?
False
Does 43 divide 26456?
False
Is 3 a factor of 12?
True
Is 33 a factor of 12045?
True
Is 19 a factor of 1937?
False
Is 56 a factor of 728?
True
Does 16 divide 368?
True
Is 14 a factor of 1400?
True
Is 31171 a multiple of 80?
False
Does 78 divide 3238?
False
Is 8867 a multiple of 34?
False
Does 4 divide 7013?
False
Is 37 a factor of 26766?
False
Is 20 a factor of 6580?
True
Is 532 a multiple of 28?
True
Is 14444 a multiple of 31?
False
Does 49 divide 28420?
True
Does 18 divide 1278?
True
Is 89712 a multiple of 42?
True
Is 2020 a multiple of 13?
False
Is 1206 a multiple of 11?
False
Is 1142 a multiple of 68?
False
Is 29 a factor of 435?
True
Does 22 divide 713?
False
Is 728 a multiple of 14?
True
Is 3 a factor of 140?
False
Is 263 even?
False
Does 25 divide 12425?
True
Is 4619 even?
False
Does 39 divide 335?
False
Is 21 a factor of 24021?
False
Does 6 divide 6096?
True
Is 1121 a multiple of 59?
True
Does 29 divide 11484?
True
Is 22 a factor of 462?
True
Is 9 a factor of 396?
True
Is 9690 a multiple of 10?
True
Is 304 a multiple of 19?
True
Is 860 a multiple of 86?
True
Does 143 divide 5005?
True
Is 25 a factor of 200?
True
Is 18 a factor of 4230?
True
Is 22 a factor of 635?
False
Is 744 a multiple of 12?
True
Is 20 a factor of 2340?
True
Is 969 a multiple of 25?
False
Does 215 divide 31820?
True
Does 16 divide 3840?
True
Is 14527 a multiple of 199?
True
Does 6 divide 3809?
False
Does 3 divide 128?
False
Does 32 divide 2738?
False
Does 69 divide 1587?
True
Is 14 a fact